e prime factors of g(s).
3, 5
Let r(u) = 2*u**3 + 16*u**2 - 5*u + 9. List the prime factors of r(-8).
7
Let i be (2 - 0) + 1/1. List the prime factors of 1*(i - 4)*-59.
59
Let p(k) = -207 - 5*k - 4*k + 229. List the prime factors of p(-5).
67
What are the prime factors of 3 - 1*71868/(-12)?
2, 7, 107
Suppose -5*g + 63 = -4*r + 5*r, -2*g + 33 = 3*r. Let z be ((-63)/g)/((-6)/32). Let y = z - 26. List the prime factors of y.
2
Let k(w) = w**3 + 7*w**2 + 4*w + 1. Let r = 1 - -12. Suppose 0*c = -3*c - 5*x - 37, -3*c + r = -5*x. What are the prime factors of k(c)?
3, 11
Suppose 12*m = -6*m + 21456. What are the prime factors of m?
2, 149
Suppose 2*u - u = 208. List the prime factors of u.
2, 13
List the prime factors of (12/18 - -5)*51.
17
Let n be ((-52)/(-16) - 3)*28. Suppose -a + 3 = 3*v - n*v, -4*v - 3*a = 23. List the prime factors of v - -6*36/8.
5
Let b be ((-50)/(-35))/(-1)*-7. Suppose -b*v + 1031 + 349 = 0. List the prime factors of v.
2, 3, 23
Suppose -125*m + 3570 = -118*m. List the prime factors of m.
2, 3, 5, 17
Suppose -16 - 24 = -4*z. Suppose 4*r = -r + z. Suppose 0 = -2*u - 3*h + 7 - r, 45 = 5*u + h. List the prime factors of u.
2, 5
Let s = 33 - 29. Suppose -s*b + 84 = -96. What are the prime factors of b?
3, 5
Let q(r) = -477*r**3 + 3*r**2 + 2*r + 1. List the prime factors of q(-1).
479
Suppose 2*r - 13 = -3, d - r = -3. Suppose -5*s = -g - 71 - 521, -d*g = 5*s - 601. What are the prime factors of s?
7, 17
Let u(y) be the first derivative of -y**4/8 + 5*y**3/6 + 3*y**2/2 - 1. Let k(i) be the second derivative of u(i). What are the prime factors of k(-3)?
2, 7
Let w(y) = 61*y + 5. What are the prime factors of w(11)?
2, 13
Let k be (-6)/(-27) + (-34)/(-9). Suppose -k*g - 96 = -316. What are the prime factors of g?
5, 11
Let r(q) = 2*q**3 + 2*q**2 - 7*q + 15. List the prime factors of r(9).
2, 3, 131
Let j = -6 - -11. Let h(b) = 6*b + 31. List the prime factors of h(j).
61
Let k(y) = -y**3 + 10*y**2 + y + 8. Let s = 39 + -19. Suppose -5*p + s = -3*p. What are the prime factors of k(p)?
2, 3
List the prime factors of 7 - -42 - (1 - -1).
47
Suppose -3*x = -2*i - 1, -5*i = 2*x + x - 8. Let r be 50 - (x + -1 + 1). Suppose 2*q + r = u, 54 = 4*u + 5*q - 142. List the prime factors of u.
7
What are the prime factors of (49/(-56)*2)/((-2)/248)?
7, 31
Let b = -2 - -8. Suppose -b*k + 8*k - 126 = 0. What are the prime factors of k?
3, 7
Let h be ((-55)/(-15))/(1/(-75)). Let u = h - -453. What are the prime factors of u?
2, 89
Suppose 74*a = 40*a + 189584. List the prime factors of a.
2, 17, 41
Suppose 10*r + 519 = 2959. What are the prime factors of r?
2, 61
Let l(m) = -m**3 - 8*m**2 + 17*m + 11. Let r = -103 + 92. What are the prime factors of l(r)?
11, 17
Let g(w) = -8*w**2 - 19*w - 4*w**3 + 5*w**3 - 27 + 8 + 6. What are the prime factors of g(11)?
3, 47
Suppose j - 46 = 2*n + 3*n, 0 = 4*n + j + 44. Let t be 2 + 3/(6/n). What are the prime factors of (-3)/(3 - 7 - t)?
3
List the prime factors of 104/39*(669/12 - -2).
2, 7, 11
Let l(v) = 103*v**2 - 33*v - 129. List the prime factors of l(-7).
19, 271
Let v(x) = 3*x**2 + 7*x - 1. Let s = -18 - -20. Let r(l) = -3*l**2 - 6*l. Let y(c) = s*r(c) + 3*v(c). List the prime factors of y(-4).
3
Suppose 1473 = 4*m - 475. What are the prime factors of m?
487
Let k(f) be the second derivative of -7*f**3/3 - 5*f**2/2 + 37*f. What are the prime factors of k(-13)?
3, 59
Let s be ((-8)/10)/((-1)/60). Let b(l) = l**2 + 5*l - 10. Let p be b(-7). Suppose -r + p*r = s. List the prime factors of r.
2
Let n(a) = -30*a + 5*a**2 + 31*a - 16*a**2. Let w be n(2). Let t = 62 + w. What are the prime factors of t?
2, 5
List the prime factors of (8/10)/((-5)/23925*-11).
2, 3, 29
Let h(z) = -z**3 - 9*z**2 - 8*z - 7. Let d be h(-8). Let o be (-405)/(-21) + 2/d. Suppose -149 = -4*i + o. What are the prime factors of i?
2, 3, 7
Let n(a) = 51*a + 116. What are the prime factors of n(18)?
2, 11, 47
What are the prime factors of (-142920)/(-48) - (-3)/2?
3, 331
Suppose 110*r - 114*r + 5858 = 3*i, 4*i = r - 1474. What are the prime factors of r?
2, 733
Let j be 0/((-3)/12*-4). Suppose -2 = 5*o - 6*o. Suppose j*x + 10 = o*x. What are the prime factors of x?
5
Let y(t) = t**2 - 11*t + 4. Let u be 2 - 18*(-1)/2. Let k be y(u). Suppose -k = -5*i + 4*i. What are the prime factors of i?
2
Let u = 46 + -42. Suppose 76 = 4*x - 4*o, u*x = x + 4*o + 52. What are the prime factors of x?
2, 3
Let d(x) = 4*x**3 - 7*x**2 - 16*x + 13. What are the prime factors of d(7)?
2, 3, 5, 31
Suppose 14*u - 78 = u. Suppose -8*a = -u*a - 346. List the prime factors of a.
173
Let w = -11 - -16. Suppose -w*s + 314 - 114 = 0. What are the prime factors of s?
2, 5
Suppose 0 = 4*b - 6 - 6. Suppose 8*z = b*z + t + 9, -5*t + 5 = 0. Suppose 0*a = -z*a + 146. List the prime factors of a.
73
Suppose x = -k + 10 - 2, -4*x = -3*k + 3. Suppose 0 = 3*w - k*w + 128. What are the prime factors of w?
2
Let c(x) be the third derivative of -3*x**2 + 0*x - 1/24*x**4 + 1/60*x**5 + 0 - 2*x**3. What are the prime factors of c(7)?
2, 3, 5
Let s(u) = 33*u - 27. Let x = 28 + -23. List the prime factors of s(x).
2, 3, 23
Suppose -3*f - m - 1 = 12, -4*f = -m + 29. Let p(a) = 2*a - 6. Let i be p(4). What are the prime factors of (f/i)/((-21)/14)?
2
Let v(g) = 1281*g - 176. What are the prime factors of v(5)?
6229
Let s be (4/18)/((-4)/(-36)). Suppose c - 62 = -s*h, -3*c - h - h = -178. List the prime factors of c.
2, 29
Suppose -903 - 9 = -2*j. What are the prime factors of j?
2, 3, 19
Suppose 0 = q + 5*i - 0*i - 12, -4*q = -3*i + 67. Let s(n) = -n**3 - 11*n**2 + 17*n - 5. What are the prime factors of s(q)?
2, 7
Suppose -24*x = -38*x + 29064. What are the prime factors of x?
2, 3, 173
Let g(i) = 86*i + 2. Let l be g(3). Suppose 4*t + b = -4*b + 208, b = 5*t - l. What are the prime factors of t?
2, 13
Let m(d) = 17*d - 25. Let l be m(3). Let b = 118 - l. List the prime factors of b.
2, 23
Suppose -2*i + 7758 = 2*k, -4*i + 604 + 3275 = k. What are the prime factors of k?
3, 431
Let g(b) = -b**3 + b**2 - b. Let q be g(2). Let a be (-1 + -5)*2/3. List the prime factors of (4/q)/(a/18).
3
Let d be 3*5*(-4)/(-20). Suppose 3*c - p - 528 = 0, -2*p = d*c - 453 - 84. List the prime factors of c.
3, 59
Let d be 111*2/(-18)*-3. Suppose 0 = 5*l - 30 + 190. Let k = l + d. List the prime factors of k.
5
Suppose 4*b = -4*s + 2528, 9*s + 5*b + 1904 = 12*s. What are the prime factors of s?
3, 211
Suppose 0 = 12*b - 2*b - 120. What are the prime factors of (-16)/12 - (-2944)/b?
2, 61
Let n be 32/(-14) + 12/42. List the prime factors of -3 - 2*128/(n + 0).
5
List the prime factors of (12*(-12)/(-3))/(12/848).
2, 53
Let d = 36 - 23. Suppose -3*p = p + 8. Let v = d - p. What are the prime factors of v?
3, 5
Let i(o) be the third derivative of o**6/120 - o**5/60 - o**4/24 + 19*o**3/3 + 18*o**2. Let b = -1 - -1. What are the prime factors of i(b)?
2, 19
Let v(d) = 5*d**2 + 5*d - 12. Let m = -18 - -14. List the prime factors of v(m).
2, 3
Suppose -j + t + 14 = 6*t, 2*j - 3*t - 80 = 0. What are the prime factors of j?
2, 17
Let w(p) be the third derivative of 9*p**6/10 - p**5/60 - p**4/12 + p**3/3 + 3*p**2. List the prime factors of w(1).
107
Let v = -2153 - -4035. What are the prime factors of v?
2, 941
Let t = -807 - -4183. List the prime factors of t.
2, 211
Let s(v) be the first derivative of -v**3/3 - 9*v**2/2 + v - 8. Suppose -2*t + 0*t - 10 = 0. What are the prime factors of s(t)?
3, 7
Let h(r) = -2*r**2 + 7*r + 12. Let o be h(5). What are the prime factors of (-16 + 2)*o/6?
7
Let b = 1759 + -979. Suppose 11*i = 14*i - b. List the prime factors of i.
2, 5, 13
Let o be ((-14)/4 - -4)*18. Let c = 26 - o. Suppose -u + c = 3. What are the prime factors of u?
2, 7
Let j(f) be the first derivative of f**3 + 4*f**2 - 3*f - 1. Let w be 1*-1 - (-35)/(-7). What are the prime factors of j(w)?
3, 19
Let w(x) = -27*x - 10. Let a(m) = 27*m + 9. Let v(i) = -4*a(i) - 3*w(i). List the prime factors of v(-3).
3, 5
Suppose -432 = 5*j + 123. Let o = j - -202. What are the prime factors of o?
7, 13
Let q(d) = 3*d**2 + d - 1. Let n be q(-2). Let h = 36 - n. Suppose -2*b + h + 55 = 0. List the prime factors of b.
41
Let d = 275 - -278. What are the prime factors of d?
7, 79
Let h(m) = -65*m**3 - 2 - 4*m**2 + 6*m + 16 + 64